ppose 4*d = -12, m - 4*m - 12 = -r*d. Let p(i) = -i**3 - 7*i**2 - 5*i + 2. Give p(m).
-4
Let f be 0/(-3) + 17 + 1. Let x = f + -24. Let k(b) = -b - 8. What is k(x)?
-2
Let d be 11 - (-1 - 1 - -3). Let p = -4 + d. Let o(j) = -j**3 + 7*j**2 - 5*j. What is o(p)?
6
Let c(q) = 27 - 17 - 10 + q. Calculate c(4).
4
Let r(b) = b - 6. Let l(i) = -i**2 + 6*i - 2. Let v be l(4). Determine r(v).
0
Let x(k) = 5*k + 1. Let q(c) = -9*c - 2. Let o(u) = 6*q(u) + 11*x(u). Give o(6).
5
Let y(x) = -2*x**3 - 10*x**2 - 6*x. Let d be y(-4). Let m(z) = z**3 + 8*z**2 - z - 3. What is m(d)?
5
Let z = 2 + 3. Let u(g) = g**3 - 6*g**2 + 6*g - 7. Give u(z).
-2
Suppose 0 = -12*a + 13*a. Let x(o) = o**3 - o**2 + o - 2. Determine x(a).
-2
Let r(j) = 4*j. Suppose 3*n - 18 = p - 2*n, 4*n - 12 = 2*p. Give r(p).
8
Let s(r) = 4*r**2 - 5*r - 3. Let u(z) = -3*z**2 + 5*z + 3. Let h be (-5)/(-25) - 42/10. Let y(b) = h*s(b) - 5*u(b). Determine y(-4).
1
Let y = -67 + 98. Suppose -4*n = -7 + y. Let f(c) = -c**3 - 6*c**2 + 2*c + 7. What is f(n)?
-5
Let x(b) = -b**2 + 4*b + 3. Suppose -24 = -6*l + 2*l. Calculate x(l).
-9
Let h(t) = t**3 - 6*t**2 + 2*t - 9. Let c be h(6). Let o(m) be the third derivative of -1/60*m**5 - 1/6*m**4 + 4*m**2 + 0*m - 1/2*m**c + 0. Give o(-3).
0
Let b(d) = 6*d**2 + 8*d + 2. Let p(g) = -7*g**2 - 10*g - 3. Let n(x) = 6*b(x) + 5*p(x). Calculate n(4).
5
Let k(y) = y**3 + 3*y**2 - 8*y - 3. Let t(j) = 3*j**3 + 8*j**2 - 25*j - 8. Let m(r) = 7*k(r) - 2*t(r). Determine m(-5).
25
Let b(g) = -5*g**3 + 7*g**2 + 3*g - 4. Let y(o) = o**2 + o - 1. Let r(w) = -b(w) + 5*y(w). Determine r(1).
4
Let l(d) be the second derivative of -d**3/3 + d. Suppose 0 = 5*v - 0*v - 4*y - 52, 4*v + 4*y = 20. Suppose -5*o + v = x, 4*o - 3 - 7 = x. Give l(x).
4
Let k(r) = -r + 1 + 4 - 4. What is k(3)?
-2
Let r(m) = -m**3 - 3*m**2 - 6*m + 5. Let z(c) = 5*c**3 + 13*c**2 + 25*c - 21. Let a(u) = 9*r(u) + 2*z(u). Suppose 0 = 2*b - 9*b + 21. Determine a(b).
9
Let x(m) = 3*m**2 + 21*m - 13. Let u(q) = 11*q - 3*q - 2*q + 2*q**2 + 5*q - 7. Let p(j) = 5*u(j) - 3*x(j). Suppose 0 = -k + 6. What is p(k)?
-8
Let f(z) = z**3 - z**2 + 2*z - 3. Let u be f(2). Let a(b) be the third derivative of -b**5/60 + b**4/4 + b**3/6 + 3*b**2. Calculate a(u).
6
Let b(u) be the first derivative of -u**4/4 - 5*u**3/3 + 9*u**2/2 + 9*u - 12. What is b(-6)?
-9
Let i = 1 - -1. Let d(t) = -3*t + 2. Let s(v) = -v + 1. Let m(j) = 2*d(j) - 5*s(j). Give m(i).
-3
Let z be (-1)/(-2) - 2/(-4). Let s(d) be the first derivative of 7/3*d**3 + 0*d**2 + 1 + d. What is s(z)?
8
Let s(p) = 481 + 483 + p**2 - 3*p - 966. Determine s(3).
-2
Let k(f) = -3*f**3 - 2*f**2 - 4*f - 2. Let b(o) = 7*o**3 + 4*o**2 + 9*o + 3. Let p(z) = 2*b(z) + 5*k(z). What is p(-3)?
11
Let i(z) = -8*z + 1. Let m be i(1). Let o = 4 + m. Let v = o - -4. Let l(j) = -4*j. What is l(v)?
-4
Let h = 8 - 7. Suppose 5*j - 4*v = -6, 3*j + 4 = 3*v - 2. Suppose -3*w - h = -j*w. Let d(x) = 3*x + 1. What is d(w)?
-2
Suppose 2*v + 3*v = 4*d - 22, -3*v = -5*d + 21. Let l(b) = 43*b + 1 - 19*b - 19*b. Give l(v).
-9
Let r(o) = -4*o. Let g be r(1). Let s(x) = -x**2 - 6*x - 5. Determine s(g).
3
Let j(q) = -q**3 - 5*q**2 - q - 2. Let y be 1 - (3 + 2)*1. Give j(y).
-14
Let k = 1 + 0. Let t(w) = -2 - 2 - k + w. What is t(4)?
-1
Let w be 45/(-18)*(-8)/5. Let x(t) = 2*t - w*t + 5*t - 9 - 5*t. Give x(-7).
5
Let o(g) be the second derivative of g**3/3 + g. Let u(k) = k**2 + 3*k + 3. Let q be u(-2). Let n(h) = -6*h**2 + h. Let j be n(q). Give o(j).
-10
Let k = 14 - 2. Suppose k = 3*n - 6. Let t(g) = g**3 - 6*g**2 + 4. Determine t(n).
4
Let y(o) be the second derivative of -o**4/12 + o**3/6 + 13*o**2/2 - 13*o. Give y(0).
13
Let k = 8 - 4. Suppose -4*r + 20 = 0, 0*b - 39 = -k*b - 3*r. Let s = -4 + b. Let u(d) = 3*d + 1. Determine u(s).
7
Let i = 5 - 5. Suppose -10 = 2*g - i. Let d be g/7 - (-4)/(-14). Let o(h) = -h - 1. Calculate o(d).
0
Suppose -2*t = 7*t + 72. Let q(b) = -b - 5. Determine q(t).
3
Suppose -2 + 32 = 6*k. Let u(i) = 6*i**2 - 3. Let p(h) = h**2 + h - 1. Let g(x) = -5*p(x) + u(x). What is g(k)?
2
Let m(p) = -2*p - 7. Let h be 4 + -3 + -4 - 2. Give m(h).
3
Let y(a) be the second derivative of a**3/6 + a**2/2 - a. What is y(-1)?
0
Let f(m) be the first derivative of m**3/3 - m**2/2 - m - 1. Let c be (-72)/(-8)*3/(-9) - -6. Calculate f(c).
5
Let h(s) = 5*s + 9. Let q(l) = 6*l + 10. Let g(m) = 7*h(m) - 6*q(m). What is g(0)?
3
Let i(q) = -5*q - 3. Let o(x) = -11*x - 6. Let v(m) = -13*i(m) + 6*o(m). Determine v(4).
-1
Let r(d) = 65 + d - 129 + 65. Determine r(8).
9
Let c(o) be the second derivative of o**5/120 + 7*o**4/24 + 2*o**3/3 - 3*o. Let m(a) be the second derivative of c(a). Calculate m(0).
7
Let k(h) = 2*h**2 - 6*h - 14. Let f(j) = -j**2 + 3*j + 7. Let y(t) = 11*f(t) + 6*k(t). Calculate y(7).
21
Let w(i) be the third derivative of -i**5/60 + i**4/12 - i**3/6 - 6*i**2. Calculate w(3).
-4
Let d be (((-6)/(-3))/2)/20. Let x(v) be the second derivative of 9/2*v**2 + 7/12*v**4 - 7/6*v**3 + v - d*v**5 + 0. Determine x(6).
3
Let c be (-6)/(-9)*3 + 0. Let a = -5 + c. Let m(r) = -r**3 - 3*r**2 + r - 3. Calculate m(a).
-6
Let z(m) = -3*m**3 - 10*m**2 + m - 9. Let o(w) = -w**3 - w**2 - w - 1. Let s = 5 - 1. Let v(t) = s*o(t) - z(t). Calculate v(5).
5
Let s(k) = -k + 4. Let d be 6/4*70/15. Give s(d).
-3
Let y = 20 + -5. Suppose 0 = -5*v + y. Let a(l) = l**3 - 3*l**2 - l - 4. Calculate a(v).
-7
Let c(j) = -j**3 + 8*j**2 - 5*j - 6. Suppose -4*d = -a - 28, -2*d + 0*a = -2*a - 14. Calculate c(d).
8
Let i(j) be the first derivative of -3*j**4/4 - j**2/2 - j + 1. Suppose 2 = 6*z + 8. Give i(z).
3
Let v(t) = -t**3 - t + 1. Let g be 4 - 6/(-15)*-5. Let n be (-5)/(20/8) + g. What is v(n)?
1
Let w(v) = -7*v + 9*v - 5*v - 1. Give w(2).
-7
Let p(a) = a**2 - a + 2. Let g = 10 + -8. Suppose g*n - 31 = 5*z, z = 3*n - n - 11. Determine p(n).
8
Let v(l) be the second derivative of -l**6/72 - l**5/120 + l**3/6 + 2*l. Let t(o) be the second derivative of v(o). Calculate t(-1).
-4
Let d(n) = 2*n**3 + 8*n**2 - 6*n + 3. Let k(g) = g**3 + 7*g**2 - 6*g + 4. Let a(c) = -2*d(c) + 3*k(c). Give a(4).
-2
Let j(k) = k**2 + 5*k - 6. Let b be j(-6). Let v(l) = -l**3 + l**2 + l - 19. What is v(b)?
-19
Let g(q) be the second derivative of -q**6/360 - q**5/30 + q**4/12 + q. Let m(p) be the third derivative of g(p). Calculate m(-6).
8
Let y(x) = -x**3 + 5*x**2 + x - 3. Let t be y(5). Let a(v) = 5*v**2 + 2 + t - 5 - 5*v - 10*v**3 + 9*v**3. Determine a(4).
-5
Let y(z) = -z**3 + z**2 - 12. Suppose 3*r + 2 = 14. Let t(d) = d**2 - 4*d. Let k be t(r). Calculate y(k).
-12
Let h(w) = w**2 - 2*w - 4. Suppose f - 2 = -5. Suppose 2*t = 3*t + 3*n - 19, -4*t + 40 = 3*n. Let o = t + f. Give h(o).
4
Let t(f) be the second derivative of f**8/6720 + f**7/2520 - f**6/720 + f**5/30 + f**4/6 + 2*f. Let i(u) be the third derivative of t(u). Calculate i(0).
4
Let x(v) be the third derivative of v**5/60 - 7*v**4/24 + v**3/2 + v**2. Calculate x(5).
-7
Let u(y) = y**2 - 5*y + 4. Suppose 0 = -v + 2*v - m - 1, -5*v - 5*m + 35 = 0. Give u(v).
0
Let h(k) = -k - 1. Let j(y) = -2*y**2 + 6*y + 5. Let x(c) = -5*h(c) - j(c). Give x(3).
15
Let f(k) = 3*k + 6. Let p(x) = 3*x + 3. Let m(d) = d + 1. Let s(r) = -7*m(r) + 2*p(r). Let c be s(4). Give f(c).
-9
Let x(o) = -o + 6. Suppose 2 - 10 = 4*y. Let c = y + 5. Let n be (1/c)/((-2)/(-24)). Determine x(n).
2
Let p be 3 + (0 - -2) - 0. Let w = -6 - -10. Let g(c) = 3*c**3 - 5*c**3 + 6*c + c**3 + w*c**2 - 3. What is g(p)?
2
Let g(t) = 3*t - 2*t + 3 + 2*t. Calculate g(-5).
-12
Suppose -2*a - 3 = 3*h, h + 0*h = -3*a - 15. Let w(c) = -c**3 - 5*c**2 + 5*c. Give w(a).
6
Let h(r) = r - 1. Let x(k) = -k**3 - 4*k**2 - 5*k + 4. Let n(i) = 6*h(i) + x(i). Let z be 6 - 13 - (-1 - 2). Determine n(z).
-6
Let q = -32 - -29. Let g(a) = a**3 + 2*a**2 - 3*a. Determine g(q).
0
Let y be ((-1)/3)/((-6)/54). Let s(c) = 2*c**y + 2*c + 8*c**3 - 4*c + 0*c**3 + 2*c**2 + 1. Calculate s(1).
11
Let l(b) = 2*b**3 - 15 + 4 - b**3 + 0*b**3. What is l(0)?
-11
Let m be (-1)/2 + (-49)/(-14). Let z(u) = 7 + u - m*u + 4*u - u. Calculate z(-6).
1
Let j(i) = -i**3 + 2*i**2 + 2*i - 3. Let m(g) = g**3 + 4*g**2 - 7*g + 2. Let z be m(-5). Suppose 0 = 2*d + l - z, -d - 2*l = -0*d. Let c = 11 - d. Give j(c).
-6
Let v(x) be the third derivative of x**5/60 + x**3/6 - 19*x